 a composite number?
False
Is 30735799 composite?
False
Is 46222655233 a prime number?
True
Is 40126393 composite?
False
Is 8134785607 prime?
False
Is 6141084783 prime?
False
Is 3901094747 prime?
False
Is 490137059 composite?
False
Is 27798530171 a composite number?
True
Is 936210007 a prime number?
True
Is 636088913 a composite number?
False
Is 23823177953 a composite number?
True
Is 17876873626 a composite number?
True
Is 10531117049 composite?
True
Is 2941365349 a prime number?
False
Is 272810504711 a composite number?
False
Is 181911011 a composite number?
False
Is 180428914999 prime?
True
Is 203134793 a prime number?
False
Is 759177467 prime?
True
Is 53581117 a prime number?
False
Is 65146004059 a prime number?
False
Is 6110714809 prime?
False
Is 63838856533 a prime number?
False
Is 315344581 composite?
False
Is 1319870371 a composite number?
True
Is 3383478121 a composite number?
True
Is 8679571591 composite?
False
Is 2683466891 composite?
True
Is 778811131 composite?
True
Is 57089359 a prime number?
True
Is 49002649853 prime?
False
Is 1705719507 prime?
False
Is 2186386574 a composite number?
True
Is 79355773447 composite?
False
Is 2301276433 composite?
True
Is 301856677 a composite number?
True
Is 461270801 a composite number?
False
Is 232118371 a prime number?
True
Is 2153384335 composite?
True
Is 1142868653 a prime number?
True
Is 6770066521 a composite number?
False
Is 123609233 a prime number?
False
Is 289609261 a prime number?
False
Is 30965610817 a prime number?
False
Is 7044300581 a prime number?
False
Is 52018007 a composite number?
False
Is 595847597 a prime number?
True
Is 10457068597 composite?
False
Is 14242724653 a prime number?
False
Is 2096077751 a prime number?
True
Is 275663029 a composite number?
False
Is 810878923 a composite number?
True
Is 2138177219 a composite number?
True
Is 4514379301 a prime number?
False
Is 114436991 a composite number?
False
Is 6106870841 composite?
True
Is 63402611 prime?
True
Is 322140349 a composite number?
True
Is 33157231021 composite?
False
Is 6618271867 a composite number?
True
Is 47031779449 a composite number?
True
Is 3777240413 a composite number?
True
Is 1276602941 a prime number?
True
Is 65947523861 a prime number?
True
Is 23355902957 a prime number?
True
Is 61271923199 a prime number?
True
Is 127203211363 composite?
True
Is 520624861 prime?
True
Is 975483557 a composite number?
False
Is 3679500047 prime?
False
Is 154713515771 a prime number?
True
Is 434616587 composite?
False
Is 1234534789 a prime number?
False
Is 1943083399 a composite number?
False
Is 4215941 prime?
True
Is 1653846541 a prime number?
True
Is 10162788109 a prime number?
True
Is 928802549 a composite number?
False
Is 99237611 a composite number?
True
Is 2629710961 prime?
True
Is 1510241602 composite?
True
Is 34186778 composite?
True
Is 36261409669 composite?
False
Is 74706726943 composite?
True
Is 32425257527 a prime number?
False
Is 10529241563 prime?
True
Is 9161033377 composite?
True
Is 58037380703 a composite number?
True
Is 2930957921 composite?
False
Is 2057674123 a composite number?
True
Is 23917757651 composite?
False
Is 24298407103 prime?
False
Is 124449373297 a prime number?
True
Is 36453161729 composite?
True
Is 296025661 prime?
False
Is 86622383 prime?
False
Is 2087411965 a composite number?
True
Is 3387751231 a composite number?
False
Is 176115983 prime?
True
Is 122725093 a composite number?
True
Is 56489515661 a composite number?
False
Is 238345691 prime?
True
Is 8776271321 composite?
True
Is 23936550005 prime?
False
Is 109892263199 a composite number?
False
Is 37605262147 prime?
True
Is 30466324547 prime?
False
Is 645033169 a prime number?
False
Is 54119768147 a prime number?
True
Is 16008444821 a composite number?
False
Is 8283813361 composite?
True
Is 924958913 a prime number?
False
Is 146068129579 composite?
True
Is 97700741 a composite number?
False
Is 16640031767 prime?
True
Is 205578839 a composite number?
True
Is 16679962157 composite?
True
Is 71552379641 a composite number?
True
Is 458994013 a composite number?
False
Is 13100944667 a composite number?
True
Is 4839270509 a composite number?
False
Is 2057656681 a composite number?
False
Is 21629916895 composite?
True
Is 4483747717 a composite number?
False
Is 28165151309 a composite number?
True
Is 12231883873 composite?
True
Is 4804206109 a prime number?
True
Is 21334151053 composite?
False
Is 35973967181 a prime number?
False
Is 6288050149 composite?
True
Is 711851141 composite?
True
Is 9159060914 a prime number?
False
Is 130409502481 composite?
False
Is 2137296739 a composite number?
True
Is 22905493439 composite?
True
Is 76553371 prime?
True
Is 96423715859 a prime number?
False
Is 45574097663 prime?
True
Is 6270481177 prime?
True
Is 2691078391 prime?
True
Is 971760649 composite?
True
Is 1470587903 a prime number?
False
Is 24568033757 a composite number?
True
Is 8652292669 a prime number?
False
Is 5957019637 a prime number?
True
Is 908052641 composite?
False
Is 2295185551 a composite number?
True
Is 5466248237 a prime number?
True
Is 2807204987 prime?
True
Is 44923493933 a composite number?
False
Is 702875093 composite?
False
Is 2475933071 prime?
True
Is 6162390827 prime?
False
Is 107507573 a composite number?
False
Is 1403416797347 a prime number?
True
Is 88238333 composite?
False
Is 10290465763 composite?
True
Is 580698022 a composite number?
True
Is 971447063 prime?
False
Is 161819203753 composite?
False
Is 1279255429 a prime number?
True
Is 690166193 prime?
False
Is 89041344367 prime?
True
Is 1594365257 prime?
False
Is 315797203 a prime number?
False
Is 26067769057 a composite number?
True
Is 15118417 a composite number?
False
Is 39605981 a prime number?
True
Is 86465753449 composite?
False
Is 1849215037 composite?
False
Is 970738949 prime?
True
Is 651882401 prime?
False
Is 47245643449 prime?
False
Is 4166666885 a composite number?
True
Is 31892713477 prime?
True
Is 2517721649 a composite number?
False
Is 9840543391 a composite number?
True
Is 17038912361 a prime number?
True
Is 14141774813 prime?
True
Is 18985463941 a composite number?
True
Is 1263926071 prime?
False
Is 4695763903 prime?
False
Is 269460181 a composite number?
True
Is 4088272367 prime?
False
Is 28961341621 a prime number?
True
Is 439357351 a composite number?
True
Is 99331037543 prime?
False
Is 291353394617 composite?
False
Is 11205940829 a composite number?
True
Is 66625829671 a composite number?
False
Is 932572747 a composite number?
True
Is 160398569 prime?
True
Is 21186922 a composite number?
True
Is 867541139 a prime number?
True
Is 31242294779 composite?
False
Is 9966076867 prime?
False
Is 43270847861 a composite number?
True
Is 1382307461 composite?
False
Is 4321300019 composite?
True
Is 830954147 a composite number?
False
Is 3085497197 a prime number?
False
Is 98550979 prime?
True
Is 35663003 a composite number?
False
Is 4512037591 a composite number?
True
Is 6811649945 a composite number?
True
Is 26308943 a composite number?
False
Is 80403047957 a prime number?
False
Is 1717742011 a prime number?
True
Is 24888271883 a composite number?
False
Is 1107615107 prime?
True
Is 1553571791 composite?
True
Is 51698577577 prime?
True
Is 164139013 a prime number?
True
Is 1695425701 a prime number?
True
Is 1439946337 composite?
False
Is 40471966907 composite?
False
Is 1889399621 composite?
True
Is 1975650361 prime?
True
Is 86878519099 a prime number?
True
Is 1956345421 composite?
True
Is 385496347 composite?
False
Is 270301061 a prime number?
True
Is 636926207 prime?
True
Is 2960534017 composite?
True
Is 7780195427 a prime number?
True
Is 42039076181 prime?
True
Is 11202167173 a composite number?
False
Is 4400847091 a composite number?
True
Is 96572079671 composite?
False
Is 687499529 a prime number?
False
Is 755191763 prime?
False
Is 2319821591 prime?
False
Is 15438112863 composite?
True
Is 2011117417 a prime number?
True
Is 138569235617 prime?
True
Is 2890992829 prime?
True
Is 54175273 a prime number?
True
Is 65811138727 a composite number?
False
Is 71524566317 composite?
True
Is 1744363549 composite?
False
Is 23318004859 composite?
True
Is 61435642 composite?
True
Is 36981579437 a prime number?
False
Is 1204115686 a prime number?
False
Is 559661711573 prime?
True
I